uppose -2*u - 2 = n, -5*u - n = -4 + 3. Determine f(u).
0
Let r(s) = 5*s - 10. Let o(p) = -3*p + 7. Let c(d) = 7*o(d) + 5*r(d). Give c(1).
3
Suppose 4*b + 2*y = -3*y - 10, -19 = 3*b - 2*y. Let i(r) = r**2 + 5*r + 6. What is i(b)?
6
Suppose 0 = -3*k - 2*a - 12, -3*k - 5*a - 28 + 7 = 0. Let t(f) be the first derivative of -2*f + 1/2*f**2 - 2. Determine t(k).
-4
Suppose 2*y = 2*r - 8, r + 3*y - 2 - 2 = 0. Let x(g) = r*g - 1 - 3 + 3. Give x(3).
11
Suppose 6 = 12*v + 6. Let d(g) be the first derivative of v*g + 0*g**3 + 7/4*g**4 + 0*g**2 + 1. What is d(-1)?
-7
Let t(q) = -2 + 2*q**2 - 6*q - 14*q**2 + 5*q**2 + 6*q**2. Suppose -w = -5*w - 16. Give t(w).
6
Suppose 2*s + 10 = 0, 0*m = -2*m - 3*s - 29. Let h be m*((-36)/14)/3. Let f(p) = -p**2 + 4*p + 7. Give f(h).
-5
Let c(q) = -q**3 - 9*q**2 - 7*q + 6. Let r(k) = -2*k**2 + 11*k - 2. Let j be r(6). What is c(j)?
-2
Let o(d) = -d**2 + 1 + 4*d - 3*d - 3*d. Determine o(-3).
-2
Let l(z) be the first derivative of 2*z**2 + 3. Let x(n) = -n**2 - 9*n - 9. Let o be x(-8). Give l(o).
-4
Let a(o) = o**3 - 5*o**2 + 2*o + 3. Suppose 0 = b - 3*d + 15, 0 = b + 3*b - 3*d + 15. Suppose b = h - 0*h. Suppose -3*m + h = -12. Give a(m).
-5
Let g(b) = -2*b**2 - 3*b. Let k(w) = -3*w**2 - 5*w. Let o(s) = -5*g(s) + 3*k(s). Calculate o(1).
1
Let q(s) = -8*s**2 + s. Let d be 2*3*1/(-6). Determine q(d).
-9
Let b = 16 - 13. Let q(y) = 2*y - 4. What is q(b)?
2
Let o(m) = -m**3 + 4*m**2 + 6*m - 3. Suppose 0*i + 2*i + 14 = 2*n, 16 = n - 4*i. Let w(s) = -s**2 + 3*s + 4. Let q be w(n). Suppose q = -y - y + 10. Give o(y).
2
Let f = -6 + 3. Let m(i) = 5*i + 1. Let t(s) = -2*s. Let w(u) = f*m(u) - 7*t(u). Let c be -2 - (2 + -3) - 1. Determine w(c).
-1
Let z(i) = 5*i - 4*i - 11 + i + i**2 + 6*i. Determine z(-9).
-2
Let i be (-2)/(-2)*(-2 + 7). Let p(x) = 4*x - 3*x + i - 3*x. Let m = 16 - 11. Give p(m).
-5
Suppose 5*a - 45 = -10. Let p be a/((-14)/(-12)) - 1. Let r(w) be the first derivative of w**3/3 - 2*w**2 - 1. Calculate r(p).
5
Suppose 3*k + 17 = 3*y + k, 0 = 4*y - 5*k - 32. Suppose z - 17 = y*x, 3*z - 3*x + x - 23 = 0. Let s(r) = 2*r - 4. Calculate s(z).
6
Let m(j) = -j**2 - 5*j + 4. Let u be ((-28)/(-12))/7*-15. Determine m(u).
4
Suppose 0*p + 2*p - 3*j + 7 = 0, -p = -4*j + 6. Let o(u) = -3*u**2 - u - 2. Determine o(p).
-12
Let a(r) = r**3 - 6*r**2 + 3*r + 5. Suppose -18 = -p - 4*k, -3*p + 5*k - 9 = 22. Let l be -1 + p/(-4)*0. Let c = l - -6. Calculate a(c).
-5
Let n = 11 + -16. Let a = n - -8. Let t(l) be the second derivative of -l**5/20 + l**4/3 - l**3/3 + 4*l. Give t(a).
3
Let s(k) be the third derivative of -k**7/1680 - 3*k**5/20 - 7*k**2. Let n(c) be the third derivative of s(c). What is n(-3)?
9
Suppose 3*b + 1 - 7 = 0. Let k(m) = 2*m - m**2 + b*m - 6 + 2*m. Let n(d) = -d**2 + 6*d - 7. Let q(w) = -4*k(w) + 3*n(w). Give q(2).
-5
Let t be (1 + -6)*(0 + 1). Let h be (2/(-5))/(1/t). Let p(b) = 1. Let k(j) = -2*j - 6. Let l(f) = -2*k(f) - 12*p(f). Calculate l(h).
8
Let r(v) = v**2 + v + 1. Let g(d) = 5*d**2 - 2*d - 2. Let h(l) = g(l) - 4*r(l). Calculate h(7).
1
Suppose s + 0*a + 4 = 2*a, 8 = -2*s - a. Let f(j) = j + 1. Let p(n) = -n**3 - 5*n**2 - 8*n - 1. Let i = -1 - 0. Let u(k) = i*p(k) - 5*f(k). Determine u(s).
0
Let j(q) be the second derivative of q**5/20 + 5*q**4/12 + q**3/3 + 7*q**2/2 + 8*q. Let z(k) = 3*k + 4. Let o be z(-3). What is j(o)?
-3
Let r be (-3)/(-1 - (1 - 1)). Let f(b) = 1 + r*b - b - 3*b. Let i(x) = x**2 + 4*x. Let z be i(-2). Determine f(z).
5
Let h be ((-2)/(-6))/(3/27*-3). Let z(a) = 5*a**2 + a - 2. Let i(s) = -5*s**2 + 5 - 5*s**2 - 2*s - s. Let d(g) = -2*i(g) - 5*z(g). Calculate d(h).
-6
Let v(t) = t - 10. Suppose -3*c = -8*c + 40. Determine v(c).
-2
Suppose -11 = -2*n - 3. Suppose -k - 7 = -3*u, -n*u + u - 5*k = -1. Let d(w) = 1 + 0 - u*w + w. What is d(5)?
-4
Let d(y) be the first derivative of y**3/3 + 3*y**2 - 4*y + 12. What is d(-6)?
-4
Let y(l) = 2*l**2 + 2*l - 1. Let q(v) = -4*v**3. Let a be q(-1). Suppose -5*d + 16 = -a*s, -3*d + 3*s + 3 = -6. Suppose 0 = d*f - 4. What is y(f)?
3
Let l(g) = g**3 + g + 1. Let i(d) = d**3 + 5*d**2 - d - 5. Let w be i(-5). Calculate l(w).
1
Let a = -4 - -10. Let w be (-17)/(-5) - 4/10. Suppose w*z + 3 = 3*f + a, -8 = -4*z + 3*f. Let o(p) = -p**3 + 4*p**2 + 5*p - 2. Give o(z).
-2
Let q(u) = 11*u + 4. Let o be q(0). Let k(i) = -i**2 + 5*i + 1. Determine k(o).
5
Let t(c) = -2*c**3 + 3*c**2 - 2*c. Let s be t(2). Let r(m) = -m**3 - 9*m**2 - 7*m + 6. Let a be r(s). Let o(p) = 0*p + 2*p + 3 + 3*p. Determine o(a).
-7
Let p(o) = o**3 - 12*o**2 - 13*o + 2. Let d be p(13). Let v(h) = h - 1. Give v(d).
1
Let k = 0 + 2. Let m = -1 + k. Let i(p) = 16*p**3 - 3*p**2 + 3*p. Let t(g) = -11*g**3 + 2*g**2 - 2*g. Let y(u) = -5*i(u) - 8*t(u). What is y(m)?
8
Let a(c) = -3*c + 1. Suppose 7*v = 3*p + 2*v - 13, 3*p - 2*v = -2. Let g be (1/(-4))/(p/(-16)). Calculate a(g).
4
Let l(k) = k**2 - 8*k - 2. Let d be l(8). Let o be d/(6/(-3)) - 4. Let t be -1 - o/((-9)/(-12)). Let m(i) = 2*i - 2. Give m(t).
4
Let k(f) = 1. Let d(y) = -3*y - 5. Let i(c) = d(c) + 5*k(c). Give i(3).
-9
Let m(c) = 3*c - 3. Let w be (11/(165/6))/(1/5). Give m(w).
3
Suppose -7*y + 2 = -5*y. Let b(p) = 4*p**3 - p**2 + 1. Calculate b(y).
4
Let m(a) = a - 9. Suppose -3*j + 2*b + b + 9 = 0, 0 = -5*j + 3*b + 13. Let f be (-1*(-4 + 4))/j. What is m(f)?
-9
Let b(f) = 4*f**3 + 2*f**2 - 2*f + 1. Let a = 6 - 2. Suppose -3 = -q - 4, a*x = -4*q. What is b(x)?
5
Let k = 14 + -17. Let c(z) = -z**2 + z + 1. Give c(k).
-11
Let l = -21 + 14. Let b(a) = -a**3 - 8*a**2 - 5*a + 8. Give b(l).
-6
Let j(k) = -k**2 - 2*k. Let s be (1/(-2))/((-11)/88). Suppose s*u - 5*f - 3 = 0, 2*f + 15 = -3*u - 0. Give j(u).
-3
Let q(t) be the second derivative of -5*t**3/6 - t**2/2 - 2*t. What is q(-1)?
4
Let u = 7 - 5. Let l = -2 - u. Let v(f) = 3*f**3 - 15*f**2 - 13*f - 3. Let z(t) = -5*t**3 + 23*t**2 + 20*t + 5. Let k(q) = 8*v(q) + 5*z(q). What is k(l)?
1
Suppose 2*z - 30 = -4*a, -3*z + 39 = 7*a - 2*a. Let b(l) = -2*l**2 - 3 + a + 0*l + l**3 - 5*l + 0*l. Give b(3).
-3
Suppose 6 = 2*x, -3*x - 7 = 4*f - 0*f. Let g(b) = 5 - 1 - 2 + b. What is g(f)?
-2
Suppose -4*r + 32 = 4*y, y - 4*y = -4*r - 3. Suppose -y*q - 6 = -16. Let g(z) = -4*z**2 - z**2 - 2*z + 4*z**2 + 1. Determine g(q).
-7
Suppose 31 = -5*r - s, 3*r + 3*s = 2*s - 19. Let j(w) = -w**3 - 6*w**2. Determine j(r).
0
Let w(z) = -z**3 + z**2 + z - 1. Let p be w(1). Let g(v) = v**2. Let q be g(1). Suppose 2*d + p*x - x = -3, -x = -q. Let m(u) = -4*u. What is m(d)?
4
Let c(u) = u + 13. Suppose -4*q - 11 = 5*y, 2*q + 3 = -2*y - y. Give c(q).
4
Let p be 3 - 1 - 4 - -1. Let x be 3 - -1 - (-4 - -4). Let b(i) = i**2 + x*i**3 + 56 - 56. Calculate b(p).
-3
Let x(k) = -8*k**3 + k**2 - 1. Let f be (2/(-6))/(3/(-9)). What is x(f)?
-8
Let f(a) = 2*a - 1. Let c(u) = -u**3 + 7*u**2 - 7*u + 8. Let q be c(6). Let d be q*2*1/2. Suppose -d*m = -2*n, 6 = -3*n + 6*n. Calculate f(m).
3
Let q(v) = -3*v**2 - 14*v - 13. Let r(d) = d**2 + 5*d + 4. Let m(f) = 2*q(f) + 7*r(f). Let n(p) = p**2 - 7*p + 6. Let b be n(4). What is m(b)?
-4
Let p(a) be the second derivative of a**3/6 + 3*a**2 - 3*a. Let z(x) be the first derivative of -x**4/4 + x**3/3 + x**2/2 - x - 3. Let l be z(1). What is p(l)?
6
Let f(m) = m**3 + 5*m**2 + 2*m - 7. Let x(b) = -2*b + 11. Let l be x(8). What is f(l)?
-17
Suppose 8 = -2*j + u - 2, 2*u + 20 = -4*j. Let c = 2 + 0. Let m(z) = 7*z + 5 - 2 - 2*z + z**2 + 0*z**c. Determine m(j).
3
Let d(r) be the third derivative of -r**4/24 - r**3/2 + 6*r**2. Calculate d(-5).
2
Let i(j) be the first derivative of j**4/4 + j**3/3 - j**2/2 - j + 10. Give i(0).
-1
Let n(d) = 2*d**3 + 4*d**2 + 2*d. Let b be (-4)/(-4 + 4 + 2). What is n(b)?
-4
Let d(r) = -r + 14. Suppose 5*g - 1 = 34. Calculate d(g).
7
Suppose -9 = -3*m - 4*f, m + 4*f - 5 = 6. Let d(z) = -13*z**3 - z**2 + 1. Determine d(m).
13
Let b(f) = 2*f - 9. Let h be b(6). Let s(n) = 2*n - 4*n**2 - 1 + 0 + 5*n**3 - 17*n**3 + h*n**2. What is s(1)?
-12
Let n(y) be the first derivative of 3*y**4/4 - y - 5. Give n(-1).
-4
Let g(r) = -2 + 1 + 359*r - 360*r. Determine g(4).
-5
Let d(n) = 5*n**3 + 14*n**2 - 14*n - 11. Let h(q) = 3*q**3 + 9*q**2 - 9*q - 7. Suppose -12 = -3*v, 4*p + 0*v = v - 36. Let s(f) = p*h(f) + 5*d(f). Give s(2).
5
Let c(x) = -2*x + 1. Let i be c(-1). Let g = i -